 t(6). Let w = v - q. What is the remainder when 8 is divided by w?
3
Let l(v) = -v**2 + 704. What is the remainder when l(19) is divided by 99?
46
Let o(k) = -2*k - k**2 - k**3 + 22*k + 2*k + 3. What is the remainder when 65 is divided by o(4)?
10
Let u = -371 - -500. Suppose -5*a + u = -p, -2*a + 5*a = -2*p + 67. Calculate the remainder when 41 is divided by a.
16
Suppose 7*c + 175 = d + 6*c, 4*c + 163 = d. Let w(n) = n**2 - 7*n + 27. What is the remainder when d is divided by w(9)?
44
Let q(n) = n**3 - 8*n**2 + n + 6. Let i(l) = -l + 4. Let o be i(-4). What is the remainder when q(o) is divided by 5 - 6 - (31/(-62))/(2/24)?
4
Let a = -6573 - -6873. What is the remainder when 326 is divided by a?
26
Let k(h) = -h**3 + 21*h**2 - 19*h + 8. Let j = 15 + 5. What is the remainder when k(j) is divided by 6?
4
Let m(u) = 4*u**2 + 153*u + 3. Let a(n) = -6*n**2 - 151*n - 3. Let t(q) = -5*a(q) - 6*m(q). What is the remainder when t(28) is divided by 24?
17
Let r(o) = 3*o**2 + 15*o + 3. Let c be r(-5). Suppose 0 = 5*s + 4*q - 157, -c*s - q + 31 = -2*s. Let y = 1 + s. Calculate the remainder when y is divided by 12.
10
Let q = 5591 + -5444. What is the remainder when 4997 is divided by q?
146
Let s = -298 - -577. Calculate the remainder when s is divided by 126.
27
Let s(y) = 13*y + 2256. What is the remainder when s(3) is divided by 16?
7
Suppose 0 = r + 11*n - 9*n - 149, 4*r - n - 515 = 0. Calculate the remainder when 395 is divided by r.
2
Let l = 2929 - -1161. What is the remainder when l is divided by 44?
42
Let g be 4/(-6) - (-2236)/(-39) - -1. Let j = g + 51. Calculate the remainder when 86 is divided by ((-222)/(-9) - j) + (-4)/6.
26
Let x = -28 + 82. Let q be x/24 - ((-6)/8 - 0). What is the remainder when 23 is divided by 10/q*(5 + -2)?
3
Let d(b) = -6*b - 177. Let w be d(-32). Suppose 3*m = y - w, -2*y + 21 = -3*m - 24. Calculate the remainder when y is divided by 14.
2
Let h(x) = 190*x + 1534. Let t(z) = 13*z - 9. Calculate the remainder when t(6) is divided by h(-8).
13
Let p be 0 + (0 + (-1 - 14) - 0). Let s = p + 21. Suppose -10*t + 60 = -s*t. What is the remainder when 40 is divided by t?
10
Let q(x) = 2*x**2 + 2*x - 24. What is the remainder when 176 is divided by q(5)?
32
Let b(q) = 2*q + 90. Let l be b(-31). Let c = l + -4. What is the remainder when 88 is divided by c?
16
Suppose -2*h = -2, h + 9 + 0 = 5*c. Suppose 0 = -a + 2*u + 283, 2*u = a - c*u - 281. Suppose a = -4*r + 9*r. What is the remainder when r is divided by 15?
12
Suppose -32*l + 31*l + 2*c - 5 = 0, 2*c = 2*l. Suppose -68 - 20 = -4*b. What is the remainder when b is divided by l?
2
Suppose -1 - 26 = -3*i. Let z(u) = -3*u - 5. What is the remainder when (2 - 15/i)/(2/144) is divided by z(-6)?
11
What is the remainder when 726 is divided by (-12336)/(-33) + (-8)/(-44)?
352
Let k = 548 + 86. Let u = -609 + k. Calculate the remainder when u is divided by 12.
1
Suppose 2*y + 5*y - 42 = 0. Suppose 4*v = y*z - 4*z + 466, 3*z + 703 = 4*v. Let a = z + 422. What is the remainder when a is divided by 11?
9
Suppose 110*v = 79*v + 1457. What is the remainder when 92 is divided by v?
45
Suppose -m + 931 = -4*z - 2824, -2*z - 15062 = -4*m. Calculate the remainder when m is divided by 13.
10
Suppose -43*b + 801 = -1349. Let r(l) = 38*l**2 + 4*l + 2. What is the remainder when r(-2) is divided by b?
46
Let v be 2/6*(0 + 6). Suppose -6*x + 29*x = 7*x. Suppose -v*z + 173 = -r - 22, x = -5*z + 2*r + 490. Calculate the remainder when z is divided by 34.
32
Suppose -215*s = -212*s - 54. Let r = -64 - -149. Calculate the remainder when r is divided by s.
13
Let i be (-1 - -2)*(16 + -14). Suppose 0 = f + 4, -i*f + 123 - 15 = 2*g. What is the remainder when g is divided by 17?
7
Let j = -566 + 574. Let t(g) = -28*g + 321. Calculate the remainder when t(j) is divided by 22.
9
Suppose 4*x - 2 = 2*u, 3*x + 5*u = -0*x + 34. Let r be (-2)/4 + 18/12 + 0. Calculate the remainder when 132 is divided by 34/x*(4 - r).
30
Let i = -8 - -10. Suppose 4*d - i*d - 38 = 0. Let z(w) = 20*w + 17. What is the remainder when z(1) is divided by d?
18
Suppose 3*r - 5*u = -4*u + 4, -4*r + 3*u + 2 = 0. Let s = -86 - -73. Let y(x) = x**3 + 15*x**2 + 27*x + 17. Calculate the remainder when y(s) is divided by r.
0
Suppose 5*f = 3*c - 152 - 115, -4*f + 156 = 2*c. Suppose c*j = 76*j + 152. Calculate the remainder when 24 is divided by j.
5
Let p = -536 + 539. Calculate the remainder when (-4)/1 - (-79 - p - -1) is divided by 14.
7
Let d(r) = 2*r**3 + 11*r**2 - 15*r - 56. Let j be d(-6). What is the remainder when (j + 15/4)/(11/308) is divided by 28?
21
Let w(k) = 2*k + 14. Let i be w(-9). Let p be (6/15 + 2)*(-10)/i. Suppose u - p*u = -65. Calculate the remainder when u is divided by 7.
6
Let j(s) = -s**3 - 39*s**2 - 72*s + 357. What is the remainder when j(-37) is divided by 138?
7
Let g(p) = 13*p + 112. Let d be g(-10). Let x(t) = 7*t + 2. Let j be x(-6). Let b = d - j. Calculate the remainder when 109 is divided by b.
21
Let n be -2 - (-2*1 + -2). Let c(f) = 1054*f + 18992. Calculate the remainder when 57 + (-2)/4*n is divided by c(-18).
16
Let r = 7 - 3. Let j = 6 - r. Suppose -u + 3*u - 5*p = 47, 45 = 5*u + j*p. Calculate the remainder when 85 is divided by u.
8
Suppose -56*a = -6886 - 6996 - 2694. What is the remainder when a is divided by 295?
1
Let r(y) = -28*y - 1. Let j be r(2). Let q = j + 205. Calculate the remainder when q is divided by -3 - 0 - (-32 - 1).
28
Let k be 2618/165 + 4/30. Suppose 6*j - k - 122 = 0. Calculate the remainder when 36 is divided by j.
13
Let b = 1281 - 1188. Suppose -3*r = -21 + 3. Suppose 100 = r*a - 44. Calculate the remainder when b is divided by a.
21
Suppose 3*i = l - 35, i - 97 = -5*l + 94. What is the remainder when l is divided by 27?
11
Suppose 182 = -13*m - 3107. Let d = -244 - m. Calculate the remainder when 250 is divided by d.
7
Let a be (-28)/21 - 57/(-9). Suppose a*d - 4*q + 0*q - 272 = 0, -46 = -d - 2*q. What is the remainder when d is divided by 5?
2
Calculate the remainder when 1493 is divided by 0 + -4 + 5 - (1 + -88).
85
Suppose 5*c - 67 = 47 - 24. What is the remainder when 129 is divided by c?
3
Suppose -14*j = -3*u - 12*j + 3123, 0 = 2*u + 2*j - 2062. Calculate the remainder when u is divided by 173.
172
Let m = -57 + 156. Suppose -2*b + 3*b + 3*a = 17, -b = a - 11. What is the remainder when b is divided by (132/m)/((-8)/(-18))?
2
Let p = 198 + 216. What is the remainder when 837 is divided by p?
9
Let x(u) = 2*u**3 + 14 - 13 + 10*u**2 - 11*u**2 - 2*u. Let z be x(-2). What is the remainder when 22 is divided by (-118)/(-10) + (-3)/z?
10
Suppose 55 = -8*k + 19*k. Suppose k*o = -11*o + 720. Calculate the remainder when 72 is divided by (o/6)/(1/2).
12
Let z be 3/(2/7 - (-190)/70). Let g = z - -1. Suppose -u - g*u + 87 = 0. Calculate the remainder when u is divided by 15.
14
Let x be (1496/33)/(4/6). Suppose x*k - 66*k = 546. What is the remainder when k is divided by 55?
53
Suppose -90 = -4*l - 5*a + 236, 164 = 2*l + 2*a. Suppose 13*m + l = 20*m. Calculate the remainder when 45 is divided by m.
9
Suppose 16*l - 10*l - 384 = 0. Calculate the remainder when 36 is divided by (-4)/(l/(-24))*(-16)/(-6).
0
Let r(n) = 2*n**2 - 3*n + 28. Let a be 7/9 - (-16)/72. Suppose a = -z - 5. Calculate the remainder when r(z) is divided by 24.
22
Suppose -3*w + 318 + 189 = 0. Suppose 5*u + 4*k - w = 8, -u + 36 = k. Calculate the remainder when 51 is divided by u.
18
Let d(q) = -6*q**2 - 68*q + 19. Let p be d(-12). Let o = 3 - 4. Calculate the remainder when -1 - (-2 + o) - p is divided by 11.
9
Let z(s) = -6*s + 5. Let c(x) = 6*x - 5. Let a be (-6)/2 + (0/1 - 2). Let u(l) = a*z(l) - 4*c(l). What is the remainder when 10 is divided by u(2)?
3
Let p(o) = 229*o**3 + 3*o**2 - 117*o + 116. Calculate the remainder when 2528 is divided by p(1).
218
Let y(c) = 2*c**2 - 2*c + 2. Let r be y(4). Suppose 3*g = 73 + r. Let w = g + -16. What is the remainder when w is divided by 6?
5
Let b = 12366 + -12351. What is the remainder when 2156 is divided by b?
11
Suppose -57 = c - 2*r + r, 5*c - 3*r + 277 = 0. Let d = c + 107. Suppose 36 = -51*q + d*q. What is the remainder when 19 is divided by q?
7
Calculate the remainder when 62 is divided by ((-178)/(-801))/(6/189 + 0).
6
Suppose 2*r = -2*k +